-2)/4*-5. What are the prime factors of -2 - (n + 2) - -24?
5
Let f be (1 - 0)*(-2 - -27). List the prime factors of (60/f)/(2/10).
2, 3
Let j(s) = 6*s + 1. Let m be j(-1). Let k be m/(-2) - 1/2. List the prime factors of ((-24)/10)/(k/(-10)).
2, 3
Suppose 0 = 6*z + 2*z - 2768. List the prime factors of z.
2, 173
Let x = -23 + 17. Let t = x + 11. What are the prime factors of t?
5
Let x(c) = -4*c**2 - 4*c - 8. Let b(u) = -3*u**2 - 5*u - 8. Let w(j) = 3*b(j) - 2*x(j). Let n be w(-7). Let h(s) = -2*s - 5. List the prime factors of h(n).
11
Let i(t) = -7*t + 57. What are the prime factors of i(-27)?
2, 3, 41
Let h = -165 - -363. What are the prime factors of h?
2, 3, 11
Suppose -3*j - 4 = 2*h - 4*h, -3*j + 5*h - 19 = 0. Suppose -j*p + 5*c + 26 = 0, p + 0*p - c = 19. What are the prime factors of p?
23
Let y(w) = -4*w**2 - w - 1. Let i be y(2). What are the prime factors of 5/((-15)/9) - i?
2
What are the prime factors of -3 + -1 + (-27)/(-3)?
5
Let n = 38 - -10. Suppose -n = -2*u + 4. What are the prime factors of u?
2, 13
Let x = 217 + -130. What are the prime factors of x?
3, 29
List the prime factors of 30 - -5 - (0 - 3).
2, 19
What are the prime factors of 1*(-213)/(-12) + 1/4?
2, 3
Suppose 3 + 3 = b. What are the prime factors of b?
2, 3
Suppose -3*a = -5*l - 83, 0*l - 2 = -l. What are the prime factors of a?
31
Let k(v) = -31*v - 2. Let r be k(-3). What are the prime factors of 14/r + (-386)/(-26)?
3, 5
Let h = -27 + 41. What are the prime factors of h?
2, 7
Suppose p = -5*a + 60, -5*p = -4*a - 3*p + 48. Let k = a + -2. Suppose z - k = -z. List the prime factors of z.
5
Let x(b) = 3*b - 5. Let c be x(5). Let r = c - 6. List the prime factors of r.
2
Let h(r) = r**3 + 9*r**2 - 8*r + 1. Let p(d) = 6*d**3 + 45*d**2 - 39*d + 4. Let f(t) = -11*h(t) + 2*p(t). What are the prime factors of f(8)?
13
Suppose -h + 8 - 37 = 0. Let o = -3 - h. What are the prime factors of o?
2, 13
Let p be (2/6)/(5/30). Suppose 2*z + 34 = 5*i - p*z, i - 4*z + 6 = 0. List the prime factors of i.
2, 5
Suppose w - r - 41 = 0, -3*r = -0*w - 2*w + 79. What are the prime factors of w?
2, 11
Let y = 20 + 5. Suppose -y = -2*o + 13. Suppose 4*m - 4*d = 3*m + o, 3 = -3*m - 3*d. List the prime factors of m.
3
Let z = -1 + 1. Suppose -c - 1 + 8 = z. List the prime factors of c.
7
Suppose -w + 10 + 50 = 0. What are the prime factors of w?
2, 3, 5
Let u = 24 + -16. List the prime factors of u.
2
Suppose 4*o + 196 = 3*r - 103, 4*o - 16 = 0. What are the prime factors of r?
3, 5, 7
Suppose -10*w - 1984 = -18*w. What are the prime factors of w?
2, 31
Suppose 0*n + 2*n + 24 = 0. Suppose 109 = -5*w - 2*p, 41 + 12 = -3*w + 5*p. Let x = n - w. List the prime factors of x.
3
Let j be 670/30 - (-1)/(-3). Let c = 5 + -2. Suppose -c*y = -76 + j. List the prime factors of y.
2, 3
Suppose -14*b + 18*b = 232. List the prime factors of b.
2, 29
Let a(b) = 7*b - 1. Let v be a(5). Suppose -t + r + v = 0, -4*t + 2*r = r - 151. Suppose 4*m = -3 + t. List the prime factors of m.
3
Let n(j) = 31*j + 1. What are the prime factors of n(1)?
2
Let j be 3 + 2*100/8. List the prime factors of (-90)/(-8) + (-7)/j.
11
Let i(k) = k**2 - 5*k + 4. Let n be i(5). Let y(v) = 3*v**2 + 10*v - 1. Let h(d) = d**2 + d + 1. Let g(s) = -4*h(s) + y(s). List the prime factors of g(n).
3
Suppose 11*n + 972 = 15*n. List the prime factors of n.
3
Suppose -7*y + 93 = -3*y + 5*s, 2*y - 2*s - 60 = 0. What are the prime factors of y?
3
Let j = -24 - -15. Suppose -n + 36 = -4*g + 2*g, -20 = 5*n. Let r = j - g. List the prime factors of r.
11
Suppose 3*u - 156 = -4*w, 3*u + 0*u - 114 = -3*w. List the prime factors of w.
2, 3, 7
Suppose -3*n = 3*l - n - 14, -5*n - 65 = -5*l. List the prime factors of l.
2
What are the prime factors of 27 - (-1)/(-2)*4?
5
Suppose 6 = -2*v - 4, t + 2*v + 41 = 0. Let g = t + 21. Let s = -7 - g. List the prime factors of s.
3
Let a(j) = j**2 + 2*j + 138. List the prime factors of a(0).
2, 3, 23
Let n(d) = -d**2 - 6*d - 3. Let c = -14 + 7. Let g be n(c). Let v = 23 + g. What are the prime factors of v?
13
Suppose -31 + 6 = -5*l. List the prime factors of l.
5
Suppose -9*q + 4*q + 3*w = -134, -q = -2*w - 24. List the prime factors of q.
2, 7
Suppose -74 = 2*h - 5*a, -6*h + h - 147 = -3*a. List the prime factors of 72/h*(0 + -12).
2
Let w(s) = s**2 + 4*s + 4. Let t be w(-3). Let i(b) be the first derivative of 7*b**3/3 - b**2 + b - 8. What are the prime factors of i(t)?
2, 3
Let u = -52 - -34. Let w be (-800)/(-36) + 4/u. Suppose -6 + w = 2*f. List the prime factors of f.
2
Let y = 80 - 22. What are the prime factors of y?
2, 29
Let j(r) = r**2 + r - 14. List the prime factors of j(11).
2, 59
Let c be -1 + (4 - (-2)/(-2)). Suppose -i = c*i, -4*x - 4*i = -24. Suppose 3*b = x*b - 36. What are the prime factors of b?
2, 3
Let p = 7 + -7. Suppose p = 2*q + 2*y, 2*q + q + 2*y = 4. What are the prime factors of q?
2
Let c(p) = 7*p**3 - 2*p**3 - 2*p - 3*p**3 - 1 - p**3 - p**2. What are the prime factors of c(3)?
11
Suppose 0*b = 3*b + 4*w - 17, -4 = w. Let g = 16 - b. Suppose 3*u = f + 13, 0*u + g*u - 11 = -f. List the prime factors of u.
3
Suppose -9*h - 2232 = -18*h. What are the prime factors of h?
2, 31
Let a = -2 + 4. Suppose 3*n = -15, 4*o + n - 5 + a = 0. What are the prime factors of o?
2
Let b = 413 - 192. What are the prime factors of b?
13, 17
Suppose -3*n = n + 4, 0 = -4*u + n + 505. List the prime factors of u.
2, 3, 7
Let k(q) = -q + 9. Suppose -3*p + 0 = -6. Suppose -p*o = -3*o. What are the prime factors of k(o)?
3
Suppose 7*t - 2*t = -3*l - 43, -4*l - 19 = -t. What are the prime factors of (-4)/6 - 82/l?
13
Suppose 5*x + 19 = 89. What are the prime factors of x?
2, 7
Let o(l) = -13*l. Let j be o(1). Let z = 27 + j. List the prime factors of z.
2, 7
Let c(z) = -21*z + 2. Let h(i) = 41*i - 3. Let o(d) = -5*c(d) - 3*h(d). What are the prime factors of o(-1)?
17
Let x(p) = 5*p**3 - 2*p**2 - 2. Let g be x(3). Suppose 0 = 2*n - 7*n - g. Let s = -13 - n. What are the prime factors of s?
2, 5
Suppose s - 116 = -3*q + 74, 0 = q - s - 62. Let x = -37 + q. List the prime factors of x.
2, 13
Suppose 9*z - 4*z - 385 = -2*m, 0 = 4*z + 3*m - 301. List the prime factors of z.
79
Let k(v) = -v**3 + 3*v**2 + 4*v - 4. Let n be k(4). What are the prime factors of (-333)/(-12) - (-3)/n?
3
Let v(p) = -8*p**2 - p**3 + 0*p - 3*p + 14*p**2. What are the prime factors of v(5)?
2, 5
Let u = 403 - 207. List the prime factors of u.
2, 7
Let x = -29 - -62. List the prime factors of x.
3, 11
Suppose -4*v + 17 = 3*d - 0*d, 5*v = 3*d + 1. Suppose -v*l - x + 47 = 2*x, 2*l + 2*x - 46 = 0. List the prime factors of l.
2, 11
Suppose -3*c + j = 2*c - 10, 2 = c + 4*j. Suppose 2*g + 24 = 4*g + 4*x, -2*g - 6 = -c*x. What are the prime factors of g?
2
Let k = 101 - 64. List the prime factors of k.
37
Suppose 0 = -s - 5*y + 13, 4*s - 87 = s + y. Suppose 0*b - b = -x - s, -5*x = 15. Suppose 2*l - 5*l + 20 = 5*m, -4*l - 5*m + b = 0. List the prime factors of l.
5
Suppose 2*u = -0*u - 4. What are the prime factors of (-19)/u*(5 - 3)?
19
Suppose 26*x = 21*x + 395. What are the prime factors of x?
79
Let h = 0 + -6. Let f(j) = j + 2. Let q be f(h). What are the prime factors of -2*2/q*7?
7
Let s be (-4)/(-2) - (2 - 2). Suppose s*x + x = 0. Suppose -q = 4*l - 3 - 4, 5*l = x. List the prime factors of q.
7
What are the prime factors of 10/(-4)*1258/(-185)?
17
List the prime factors of (-1 - 10/(-15)) + (-349)/(-3).
2, 29
List the prime factors of (1 - (-8 + 2 + 0))*21.
3, 7
Let p = -1 + 3. Suppose i = -p*x + 12, -x = -4*i + 4*x + 100. List the prime factors of i.
2, 5
Let d(k) = k**2 - 2*k + 15. What are the prime factors of d(8)?
3, 7
Let b = 2 + -1. Suppose 0 = 4*p + 2*v - 26, b = 2*p - 4*v + 3. List the prime factors of p.
5
What are the prime factors of (-1 - -112) + 31 + -28?
2, 3, 19
Let m(v) = -4*v + 10. What are the prime factors of m(-4)?
2, 13
Let j(x) = -3*x + 4. Suppose -5*a = -5, 0*b - 3*b = a - 4. Suppose 0 = -3*k - 14 - b. List the prime factors of j(k).
19
Let b(f) = -f**2 + 25*f + 30. What are the prime factors of b(23)?
2, 19
Suppose -17*y + 100 = -12*y. Let g be ((48/2)/1)/(-1). List the prime factors of (g/y)/((-4)/10).
3
Let t be -10 + -6 - (5 + -2). Let c = 44 - t. Suppose g = 4*g - c. List the prime factors of g.
3, 7
